git of h?
7
Let n(d) = 3*d - 12. Suppose 2*c + 150 = 5*c. Suppose -5*g = -3*y - 1, -2*g = -y + 6*y - c. What is the tens digit of n(y)?
1
Suppose -4*i + 125 = i. What is the units digit of i?
5
Suppose 0 = 5*v - 3*o - 662, 3*v - 2*o = -6*o + 374. What is the hundreds digit of v?
1
Let d = 143 - -32. What is the tens digit of d?
7
Let l = 304 + -161. What is the hundreds digit of l?
1
Suppose -2*x + w - 161 = 0, -2*x - 156 = 2*w + 2*w. What is the units digit of x/12*(-9)/6?
0
Let n = -58 - -119. What is the units digit of n?
1
Let s = -2 - -5. Suppose 2*y + 5*j = 2*j, -s*y = -5*j + 19. What is the units digit of (-10)/y*42/35?
4
Let n(l) be the first derivative of l**4/4 - 10*l**3/3 + l**2/2 + 11*l + 3. What is the units digit of n(10)?
1
Let f(l) = -l**3 - 7*l**2 - 5*l + 10. What is the tens digit of f(-7)?
4
Let f be 3*4/6*-2. What is the tens digit of (-3)/(292/(-72) - f)?
5
Suppose 2 = 4*t - 3*t. Suppose -t*k = -4*k + 44. What is the tens digit of k?
2
Let f be ((-9)/(-6))/3*6. Let j(a) = 1 - 2*a**3 - a**f - 2. What is the units digit of j(-1)?
2
What is the units digit of 113*(22/18 - (-6)/(-27))?
3
Let t(p) be the first derivative of -p**3 + 3*p**2/2 + p - 2. Let o be t(3). What is the tens digit of (1 - 2)*o*1?
1
Suppose 0 = 2*s - 3*s + 6. Suppose m - s = -3. Suppose r = 5*q - 78, -q - m = -2*q - 4*r. What is the units digit of q?
5
Suppose -5*g + 2*r = -205, -4*g - g - 4*r = -235. What is the tens digit of g?
4
Let z = 3 + 0. Suppose -5*u = 3 - 13. Suppose -z*x = u - 5. What is the units digit of x?
1
Let z be 32/5 + 8/(-20). Let m(q) = 2*q - 1. What is the units digit of m(z)?
1
Let z be 171/2 - (-5)/(-10). Suppose -4*k = -9*k + z. What is the tens digit of k?
1
Let o be (15/(-10))/((-2)/(-36)). What is the units digit of 0*1/(-2) - o?
7
Let j(z) = 6*z**2 + 5*z - 1. Let h(d) = 11*d**2 + 11*d - 2. Let b(p) = -4*h(p) + 9*j(p). What is the tens digit of b(1)?
1
Suppose 0*a + 2*a + 4*v = -14, -2*a = -2*v - 10. Let u(q) = 15*q**3 + 2*q**2 - 2*q + 1. Let h be u(a). What is the units digit of 3*h/6 + -2?
6
Suppose 2*m - 4*m + 22 = 0. What is the tens digit of m?
1
Let i = 13 - 14. What is the units digit of i - (8/2 - 23)?
8
Let v(x) = x**2 + 2. Let k be v(-2). Let z = 11 - k. Suppose -q - 2 = -z. What is the units digit of q?
3
Suppose -3*q + 2*x - 5*x = -174, -4*q = 3*x - 234. What is the units digit of q?
0
Let n = -26 - -12. Let g = 15 + n. What is the units digit of g?
1
Suppose -5*f - 20 = -70. Let v = -4 + f. What is the units digit of v?
6
Suppose -5*m = 5*i, 6*m = 4*i + m - 9. Let u = -1 + i. Suppose 4*a + 10 - 38 = u. What is the units digit of a?
7
Suppose -2*l - 50 = 3*l. Let t = l - -27. What is the tens digit of t?
1
Suppose -5*f - 6*q + q = -65, 5*f + 3*q - 59 = 0. What is the units digit of f?
0
Let j be 1*7 + -4 + 2. Suppose -j*v - n = -34 - 24, -2 = n. What is the units digit of v?
2
Let j(o) = o**2 - 11*o - 5. Let x = 22 + -10. What is the units digit of j(x)?
7
Let f(r) = r**3 - 6*r**2 - 6*r + 4. Let a be f(7). Let q = a - 9. What is the units digit of q?
2
Let q = 20 - 5. Suppose -3*s + q + 0 = 0. What is the units digit of s?
5
Let u(s) = -3*s**3 + s**2 + 2*s - 2. Let w be u(1). What is the units digit of (-56 - -2)/(3/w)?
6
Let i = -7 - -7. Let j(o) = 0*o + 5 - 1 + o. What is the units digit of j(i)?
4
Suppose 0 = -4*c + c - 6. Let n(f) = f**2 - 2*f - 2. Let a be n(c). Suppose -2*q + a*q + 4*b = 80, -b + 38 = 2*q. What is the units digit of q?
8
Let u(n) = n**2 + 4*n - 10. Let v(q) = -2*q**2 - 7*q + 21. Let w(l) = -5*u(l) - 2*v(l). What is the units digit of w(-6)?
8
Let s(f) = f**3 + 4*f**2 - 6*f - 1. Let n be s(-5). Suppose -46 = -n*q + 18. What is the units digit of q?
6
What is the tens digit of (3 - (-11)/3)*18/2?
6
Let a = -17 - -10. What is the units digit of (a - -6)/(1/(-9))?
9
What is the units digit of (-3)/((-1)/(-56)*-6)?
8
Let k = 16 - -6. What is the tens digit of k?
2
Let d be 15 + 5/(-6) + (-4)/24. Suppose -c = -2*c - 8. Let s = c + d. What is the units digit of s?
6
Let c = -11 + 31. Suppose c = 3*g - 22. What is the tens digit of g?
1
Suppose -j = 2, 4*h + 1 + 3 = 2*j. Let m be (h - -1) + 8 + -5. What is the units digit of (11 - -1) + (1 - m)?
1
Let z(b) = -8*b**3 - 3*b**2 - 3*b - 4. What is the units digit of z(-3)?
4
Let m = 4 + -3. Suppose m = 3*u - 5. Let w = u + 1. What is the units digit of w?
3
Let z(m) = 10*m**2 - 3 + 5 - 3 + 24*m - 10*m - m**3. Let s be z(11). Suppose s = 3*y - 4. What is the tens digit of y?
1
Suppose 0 = -4*z - 72 + 4. Let g = 35 - 60. Let c = z - g. What is the units digit of c?
8
Let w be (-3)/(-2)*(-14)/21. What is the units digit of (45/6)/(w/(-2))?
5
Let z = -95 + 45. Let y = 85 + z. What is the tens digit of y?
3
Let m = 15 - 33. Let z = 0 - m. What is the tens digit of z?
1
Let r(w) = 3*w**2 - w + 5. What is the units digit of r(3)?
9
Let g = 55 + -30. What is the tens digit of g?
2
Suppose -118 - 15 = r. Let n = -87 - r. What is the units digit of n?
6
Suppose 159 = -2*o + 669. What is the units digit of o?
5
What is the tens digit of 1/(-2) + 113/2?
5
Suppose -14*z + 10*z = -236. What is the units digit of z?
9
Let o(p) be the second derivative of p**5/60 + p**4/12 + p**3/6 + p**2/2 - p. Let j(k) be the first derivative of o(k). What is the units digit of j(-4)?
9
Let t be (-1)/(-3)*(33 + 0). Let s = 15 - t. Suppose 10 = s*z - 2. What is the units digit of z?
3
Let j(x) = -16*x + 2. Let o be j(1). Let i = 40 - o. What is the units digit of i?
4
Let t(g) = 5*g**2 - 2*g - 1. What is the units digit of t(3)?
8
Suppose -3*q - q - 96 = -4*p, -2*q = 2*p - 40. What is the tens digit of p?
2
Suppose 2*w + 3*k + 1 = w, 11 = 3*w + 2*k. Suppose w*i - h = i + 46, 0 = 3*i - 5*h - 26. What is the tens digit of i?
1
Let f be 3/(-7) - 892/(-7). Let b = 186 - f. Suppose 2*p - 17 = q, -q - b + 21 = -5*p. What is the units digit of p?
7
Let h be 1 + 2 + 0/2. Let d(o) = 2*o - 4. Let y be d(h). Let v = 13 - y. What is the tens digit of v?
1
Let t(o) = -3*o + 375. What is the hundreds digit of t(0)?
3
Suppose -5*z = 4*m - 3*m - 194, -198 = -m - 4*z. What is the units digit of m?
4
Let b = 8 + -8. Let m be b + 2 + (26 - -2). Suppose -2*i = 3*i - m. What is the units digit of i?
6
Suppose 5*g + 0*i - 160 = 4*i, -128 = -4*g + 4*i. Suppose -5*b - 8 = -b. What is the units digit of (g/12)/(b/(-6))?
8
Let r(b) = -2*b**2 - 3*b + 1. Let w be r(-3). Let v = -6 - w. Suppose -5*t + 79 = o, -t + v*o = -o - 19. What is the tens digit of t?
1
Let u = 17 - 8. Suppose 13 = v - u. What is the units digit of v?
2
Let j(h) = -10*h**3 + h**2. Let k be ((-16)/(-10))/((-7)/(-35)). Suppose -2*c - 3*u = -10, -2*c - 2*u + k = 2. What is the units digit of j(c)?
1
Suppose 795 = -2*d - 3*d. Let m be d/(-7) + (-12)/(-42). Let p = -15 + m. What is the units digit of p?
8
Let r be (3 - 4)*(-1)/1. Let v be 2 - (-2 + -1 + r). Suppose 0*u - v*u = -36. What is the units digit of u?
9
Let p = 10 + 3. What is the units digit of p?
3
Let f be (-4)/6 + 96/36. What is the tens digit of (164/8)/1*f?
4
Let w(b) = b**2 + 7*b + 3. Let c be w(-7). Suppose -3*x + 43 = 4*d, 39 + 9 = 3*d - c*x. Suppose 0 = k + 3 - d. What is the tens digit of k?
1
Let g be -4 + (0 - (1 + 0)). Let a = 9 + g. Let z(o) = -o**3 + 6*o**2 - 7*o + 4. What is the units digit of z(a)?
8
Let n(l) = l**3 + 4*l**2 - 6*l + 4. Suppose -5*o + 25 = -g, -o - 18 + 2 = 4*g. Let y be n(g). Suppose -3*r - y + 57 = 0. What is the tens digit of r?
1
Let g(m) = m**2 + 3*m - 2*m - 3*m**2 - m**2 - m**3. What is the tens digit of g(-4)?
1
Let o(k) = k - 4*k**2 + 0 - 2 + k**3 + k + 9*k**2. What is the tens digit of o(-3)?
1
Let c = -44 - -89. What is the tens digit of c?
4
Let d(a) = 2*a - 3. Let i be d(3). Suppose l = i*l - 20. What is the tens digit of l?
1
Let d(c) = -5*c**3 - 4*c + 3. Let h be d(2). Let l = h + 85. What is the tens digit of l?
4
Suppose 0 = -4*j + 106 + 350. What is the hundreds digit of j?
1
Let x = 111 + -103. What is the units digit of x?
8
Let k = 161 - 49. What is the units digit of k?
2
Let x(o) = o**3 - 8*o**2 + 3*o - 12. Let i be x(8). Let f = 9 + -17. Let z = f + i. What is the units digit of z?
4
Let c(z) = -27*z - 70. What is the units digit of c(-9)?
3
What is the units digit of (9 + -1)*(-68)/(-16)?
4
Suppose k - 1 = -0*k, -k = 3*v - 151